) + -14 + 4 + 13
12
Evaluate (26 - 3) + -41 + 33.
15
Evaluate -39 - ((-21 - (-6 + -3 + 5)) + 9).
-31
Calculate (4 - 4) + -3 + (-144 - -159).
12
What is the value of (29 - (-38 + 49)) + -8?
10
Evaluate (-27 - -8) + 20 - 9.
-8
What is -13 + -22 + 24 + -15 + 1?
-25
What is -20 + (44 - 0) - 30?
-6
Calculate (2 - 9) + 43 + -44 + (-2 - 0).
-10
What is the value of 0 - (0 - 15) - (16102 + -16106)?
19
Calculate (-14 - -63) + -66 + 40.
23
Calculate 28 - (36 - 53 - -13).
32
What is 66 - 38 - (-12 - -25)?
15
What is -3 - (-3 + 0 + 0) - (-2 + 6)?
-4
Calculate 15 - 9 - 14 - 2 - -16.
6
What is the value of (-280 - -291) + -1 + 2?
12
Calculate (0 - -2) + 8 - (43 + -43).
10
Calculate (-19 - (2 - 10)) + 4.
-7
(-7 - -16 - (-1 + 4)) + (-45 - -43)
4
What is -4 + (-28 - -26 - (-24 + 4))?
14
Evaluate (-370 - -358) + (-2 - (0 + 6)) + 7.
-13
-6 + 0 + -4 + (13 - 13)
-10
Evaluate -2 + -1 + -2 - (-2 - 2 - -5).
-6
What is 30 - ((32 - 20) + -7)?
25
-13 + (5 - 4 - 3 - (12 - 16))
-11
-12 + 20 + 2 + -29
-19
What is -4 + (20 - (-2 + 13 - 4))?
9
What is the value of (18 - 0) + -9 - -2?
11
What is the value of -7 - -2 - ((-23 - -9) + 25)?
-16
-78 + 41 + 29 - 15
-23
What is the value of 46 - (-14 + 95 + -43)?
8
What is the value of 4 + 21 - (-4 + 27)?
2
What is the value of 2 + 0 + (-19 - 9) + 28?
2
Evaluate -46 + (2 - (34 - 62)).
-16
10 + (-13 - (-13 + 7)) + 20
23
Calculate 8 + -11 + 4 - (-2 + -1).
4
Calculate -1 + -19 + (14 - 2) + -8 + 3.
-13
What is 333 + -305 + -10 + 2 + 2?
22
Calculate (1 - 7 - (5 - 23 - -4)) + -27.
-19
11 + -3 - (-16 - (-2 + -15)) - -16
23
Evaluate -1 + 10 - (0 - 9).
18
Evaluate 19 + 0 + 0 + -17 + 7 + 0.
9
What is the value of 5 + -11 + (8 + -3 - -14)?
13
1 + 6 + 0 + -1 + (2 - -3)
11
What is the value of -5 + 10 - (0 + -5) - 19?
-9
What is the value of (4 - 7) + (-24 - -6) + 14 + 12?
5
What is the value of 2 + -1 + (7 - 7)?
1
What is the value of 34 + -44 - -42 - -3?
35
(-3 + 7 - -1) + 13 - -2 - 7
13
Calculate -15 + (16 - -3) + -15.
-11
Calculate 13 + -14 + (29 - (1 + -4)).
31
Evaluate -69 + 22 + 24 - (-15 - -2).
-10
Evaluate -2 - (1 + 6) - (-7 + 43 + -39).
-6
(52 - 25) + 11 + -29
9
Evaluate -11 + ((-10 - -16) + -1 - -12).
6
What is (-5 - 20 - (-2 + -9)) + 15?
1
What is (-14 - ((-2 - -6 - 1) + -6)) + -2?
-13
Calculate 2 + -14 + (93 - 86).
-5
What is the value of (26 - (8 - 4)) + (-6 - -3)?
19
Evaluate -40 + (3 - 20) + 39.
-18
What is (23 - 1 - 0) + -44?
-22
What is the value of -8 - (-24 + 9) - (-2 - -12) - 7?
-10
Evaluate 28 + -4 + 1 + 15 + -25.
15
What is 25 + 16 + -41 + (24 - 0)?
24
What is -34 + (64 - 58) + (16 - 0)?
-12
Evaluate (18 - 0) + -37 + (-11 - -56).
26
Evaluate 20 + -19 + (-14 + 3 + -2 - -1).
-11
What is the value of 2 - (-1 - (0 - (-6 + 12)))?
-3
Calculate 5 + (8 - (1 + (-6 - -4)) - -1).
15
What is 25 - (5 - (-2 + (5 - (-10 + 7))))?
26
What is 2 + (-31 - -32 - (-1 - (-6 + 1)))?
-1
Evaluate 6 + -13 + -4 + 8.
-3
Calculate 25 + 1 - (6 + 7 + -21 + 12).
22
-3 - ((5 - 6) + (-1 - 4) + -3)
6
Calculate (12 + 0 - (-187 + 186)) + -47.
-34
1 - 3 - (1 + -21 + 9)
9
Calculate (22 - -1) + (-14 - -19) + 11 + -16.
23
What is -19 + -8 + 11 + 18 + -30?
-28
Calculate 61 + -66 + 31 + 6.
32
What is 19 + -2 + -14 - (2 + (-6 - 2))?
9
What is the value of (-10 - (-5 + -4)) + 10 + -4 + -3?
2
What is the value of (-5 - (16 + -5)) + -2?
-18
What is -23 - (34 - 33) - -29?
5
What is the value of -27 + (-29 - -44) - -13?
1
What is the value of 9 - -1 - 18 - (-8 - -1)?
-1
What is (15 - (-1 + 13)) + 1 + -2 - 1?
1
9 + (-4 - -2) + -4 + 8
11
What is -3 + 1 + 30 + 42 + -53?
17
12 + -43 + 16 - (0 + -22)
7
Evaluate 1 - (6 + -3) - (-24 - (-1 - 4)).
17
Calculate -2 + (-3 - -2) + (-11 - -15 - -5).
6
Calculate 3 + (-2 - -5) + 1 + -79 + 58.
-14
What is the value of 6 - (2 + -2) - (307 + -335) - 7?
27
-1 + 19 - (16 + 2 + -32)
32
Calculate (2 - (1 - (-2 - -3))) + -57 + 61.
6
Calculate 190 - 186 - (1 + (0 - 0)).
3
What is -25 - (63 - 29 - 67)?
8
What is the value of (-20 - (34 + -35)) + 7?
-12
What is -26 + -2 + 6 + -7 + -5 + 13?
-21
Evaluate -22 + (15 - 4 - (-20 - -15)).
-6
Evaluate 4 + -15 + -1 + 19.
7
What is 0 + -14 - (-104 - (-140 - -63))?
13
Evaluate 0 + 33 - (103 - 39).
-31
Evaluate -22 - -21 - ((-1 - (5 - 4)) + -6).
7
Evaluate (-4 - 6) + (-4 - (1 + -6 + 5)).
-14
Evaluate -73 - -25 - -32 - (6 - 1).
-21
Evaluate 0 - 0 - (16 + -10 + (-8 - 1)).
3
Evaluate -4 + 16 + 12 + -17 - (-1 - 6).
14
Calculate -22 - (7 + -19 - 6).
-4
What is the value of -9 + 3 - (7 + (-36 - (-1 + -2)))?
20
2 + (0 - -7 - 12 - -11)
8
Calculate (-13 - -20) + -11 + 16.
12
What is the value of 17 + -6 + -5 - 0 - -4?
10
-12 + 2 + 138 + -135
-7
-6 + (14 - 26) + 9
-9
1 + -25 - -14 - -23
13
What is 8 - (-7 - (-4 + 11 + 0))?
22
Evaluate -11 + (1 - (-2 - -6)) + 7 + 3.
-4
What is the value of -38 - 0 - (11 + 16 + -41)?
-24
Evaluate 12 + -6 + -5 + 10 + -6 + -4.
1
What is 3 - (3 + -8 + -3 + 5)?
6
What is -14 - -22 - 6 - (7 + 2)?
-7
What is the value of -1 + 3 + -1 - (378 - 400)?
23
Calculate -15 - ((11 - (6 + 1)) + -9).
-10
Calculate -21 + 1 + 592 + -572.
0
Calculate -55 + (90 - 35) + -1 + 12.
11
What is (1 - 3 - 2) + (16 + -9 - -6)?
9
Calculate 21 + (13 - 40) + 6.
0
(-10 - 8) + 20 + -7
-5
18 - (-5 + 23) - 11
-11
What is -8 - -5 - -49 - 49?
-3
Calculate 5 + (11 - ((-12 - -10) + 6)).
12
30 + (-34 - 2) + (0 - -16)
10
-1 + 6 + (-11 - -17) + -8 - -6
9
What is the value of 1 - -25 - 3 - 19?
4
119 - 114 - (1 + 1)
3
-34 - (-42 + 57 + -15 + -10 + 0)
-24
Calculate 102 + -99 + (1 - 2 - -10).
12
What is the value of -12 - ((-7 - -6) + 15 + -27)?
1
Calculate 13 - (-15 + (-13 - -30)).
11
Calculate (4 - 46 - -28) + (2 - -1).
-11
What is -2 + -3 + 17 - 5?
7
Evaluate 25 + 19 - 78 - -55.
21
What is the value of 12 + -3 + -2 - (-30 - -12)?
25
(-3 - -25) + -10 + -11
1
Calculate 0 - 1 - (212 - 214 - (-1 + 5)).
5
Evaluate 1722 - 1735 - (1 + -3 - 1).
-10
Calculate (7 + -19 - 0) + 6 + 3 + -9.
-12
Evaluate -28 - (-22 - (-14 - -8)).
-12
What is 6 + (6 + -9 + 19 - 10)?
12
Calculate 8 - (2 - ((0 + 5 - -3) + -27)).
-13
2 + 0 + -1 + 14 - 0
15
11 + (-5 - 20 - 7)
-21
Evaluate 34 + -19 + 7 + -8 + 10 + 8.
32
Evaluate -7 - (5 + 3 - 27).
12
Calculate -16 - (-1 - -2 - -5 - (-252 + 265)).
-9
Calculate -8 + -24 + -44 + 87.
11
What is (41 - 38 - 52) + 42?
-7
What is 6 + -2 + 0 + -6 + 8?
6
What is the value of 3 - -13 - (-679 - -715)?
-20
Evaluate (-1 - -6 - (-6 - -7)) + (-2 - 10).
-8
Calculate 0 + 28 + (29 - 51).
6
What is 24 + 1 - (-138 + 155)?
8
Calculate 5 + (-9 - (-14 + 17 + -10)) + -29.
-26
What is 14 - (1 - -6 - (-3 - 3 - -7))?
8
-30 - (-13 + -2 + 15)
-30
What is the value of 1 - (-2 - -23) - (640 + -628)?
-32
What is the value of 5 - (59 + -51 + 0 + 9)?
-12
Evaluate 0 + -13 + 20 + 4 + -1 + -1.
9
Calculate 7 + 11 + (21 - 50).
-11
-26 - -27 - (-4 - (-20 - 3))
-18
Calculate 17 + (-10 - 17 - -13) + 25.
28
Calculate -9 - (-5 - ((-2 - -7) + 4 - -2)).
7
What is the value of -15 + -2 + (5 + 2 - (21 + -21))?
-10
What is (2 - (-4 + -4)) + -8 + 6 + -2?
6
What is -1 + 14 + (16 + (-9 - 3) - 7)?
10
Evaluate (-1 - -3) + -11 + 2 - (411 - 435).
17
-17 - (-12 - 21) - 6
10
1 - (0 - (9 + 0) - -5)
5
3 - (32 - ((2 - 13) + 28 + -22))
-34
7 + (-15 - -4) - (-1 + (-2 - -5))
-6
What is the value of -16 + 19 - ((4 - -3) + -13 + 4)?
5
Calculate 19 + -16 - 1 - (-2 + 1 - 9).
12
Evaluate (13 - (-21 + 5)) + -11.
18
What is -20 + 7 + -6 + 12 - 8?
-15
What is the value of -10 + -5 + -2 - (87 - 117)?
13
What is 2 + -6 - (-20 + 20) - 8?
-12
What is the value of -2 - (-11 + 18 - 21) - (2 - -4)?
6
What is 23 + -31 + (10 - 1 - -2) - -11?
14
Calculate -3 + (-14 - (14 - 16)).
-15
What is 17 + 0 - 25 - 3?
-11
What is the value of 144 - 142 - (-1 + -8 - 0)?
11
(0 - -17) + -16 - -12
13
What is 1 + (-4 - 0 - (323 + -337))?
11
-8 + -1 + (-26 - -21)
-14
Evaluate -19 + 24 - (2 + -5) - 1.
7
Calculate -38 + -10 + 13 - (-11 + 0).
-24
Evaluate -20 - (-9 - (1 + (-4 - (8 + -8)))).
-14
(6 - 7 - 11) + 15
3
What is 28 + -4 - (-8 + -8 + 21 + 5)?
14
1 + (10 - 4) + -2
5
-432 + 408 - (-5 + 2 + -2)
-19
What is 32 - (16 - (7 + -11))?
12
Calculate 50 - (-23 - (-37 + 5)).
41
Evaluate 15 + ((-3 - -12) + -8 - 23).
-7
Calculate (-9 - (4 - (-2 + 3))) + -2 + 5.
-9
Evaluate -13 + 9 + -10 + (6 - 14).
-22
Calculate 0 + -17 + 13 - -12.
8
(7 - (-13 + 0)) + (3 - 13)
10
What is -2 + 1 + (-3 - (2 + -1 - 22))?
17
Evaluate -11 - (-